) = -51*m + 1. What is the remainder when q(-1) is divided by 18?
16
Suppose 4*o - 5*g - 79 = 0, -4*g + 15 = 2*o - 31. Calculate the remainder when 62 is divided by o.
20
Let u(a) = 4*a**2 + 2*a. What is the remainder when u(-4) is divided by 15?
11
Calculate the remainder when 69 is divided by 15 - 2*(-20)/(-8).
9
Suppose 0*h + h = -i + 37, -5*i - 215 = -5*h. What is the remainder when h is divided by 22?
18
Suppose 0*l - 116 = -2*l. Calculate the remainder when l is divided by 16*(52/16 + -2).
18
Let d(m) = 64*m - 2. Calculate the remainder when d(1) is divided by 13.
10
Suppose 0 = -0*g - 3*g - 5*f + 27, -5*g - 3*f = -29. Calculate the remainder when g is divided by 3.
1
Let w(c) = -9*c - 4. Let b = 3 + -6. What is the remainder when w(b) is divided by 12?
11
Suppose -2*b = 3*b. Calculate the remainder when 20 is divided by (-2 + -5)*(-1 - b).
6
Let v = -33 - -50. Suppose -4*w + 28 = 2*s, 2*s + 12 - 44 = -5*w. What is the remainder when v is divided by s?
5
Suppose 3*w - 5 = -77. Let l = 36 + w. Suppose -k = -5*t - 14, -32 = -k - 5*t + l. Calculate the remainder when k is divided by 15.
14
Suppose 0 = 4*j - 2*j - 6. Suppose 0*g + 9 = j*g. What is the remainder when g is divided by 2?
1
Let w be 1 + -10 + -6 + 9. Calculate the remainder when 67 is divided by (46*(-3)/w)/1.
21
Let l(i) = -i**2 + 11*i + 5. Calculate the remainder when l(10) is divided by (-1)/(-3) - 46/(-6).
7
Suppose 4*l + 14 = 3*n + 6, 10 = -n - 5*l. Suppose n*y - y = -4. Calculate the remainder when 6 is divided by y.
2
Suppose 49 + 5 = -3*d. Let p = -2 + -1. Calculate the remainder when 7 is divided by ((-2)/p)/((-4)/d).
1
Let s be 16/3*(-30)/(-4). Suppose -4*o = o - s. Suppose -2*g - 6 = 0, 61 = 2*n - 3*g - 2*g. What is the remainder when n is divided by o?
7
Let d be 1*(-1 + -2) + -1. Let f(g) = -2*g + 1. What is the remainder when (-4)/(-2) + (d - -26) is divided by f(-6)?
11
Suppose -4*j = -l - 2*l - 23, -5*j + 5*l + 25 = 0. Let k = j + -7. What is the remainder when k is divided by 1?
0
Let z(i) be the second derivative of -i**4/12 + 5*i**3/2 - 2*i. Calculate the remainder when 1*(-1 + -1) + 28 is divided by z(14).
12
Suppose -3*z + 8 = -4*z - 4*a, 0 = 5*z - 2*a - 70. Let n = -46 + 93. Calculate the remainder when n is divided by z.
11
Let z(n) = n**3 + 10*n**2 - 6*n + 13. Calculate the remainder when z(-10) is divided by 15.
13
Let f be 49/3 + 10/15. Suppose f + 11 = 4*b. Suppose -b*t + 2*t + 100 = 0. What is the remainder when t is divided by 11?
9
Let i(z) = -4*z - 60. What is the remainder when i(-23) is divided by 9?
5
Let y(g) = -g**2 - 6*g + 8. Let x = 65 + -43. Calculate the remainder when x is divided by y(-6).
6
Suppose 0 = m - 32 - 24. Calculate the remainder when 44 is divided by m/4 + (-1)/(-1).
14
Suppose -15 = -4*k - 3*d - 4, 2*k - 3*d = 19. Suppose -10 = k*g - 6*g. Let s = -58 - -87. Calculate the remainder when s is divided by g.
9
Let i(p) = -7 + p**3 - 6*p - 3 + 4 + 5*p**2. Suppose -3*x + b = -33, 8 - 23 = -x - b. What is the remainder when i(-4) is divided by x?
10
Let d = 0 - 13. Let o = 23 + d. What is the remainder when (-2)/7 - 2412/(-63) is divided by o?
8
Suppose 2*q - 29 = 23. Let j = q + -16. What is the remainder when 38 is divided by j?
8
Suppose 5*l = -2*m - m + 115, 2*m + l = 72. What is the remainder when m is divided by 9?
8
Let a = 8 + 59. Suppose 5*o - 87 = 3*f + 37, -5*f = 15. Calculate the remainder when a is divided by o.
21
Suppose -2*s + 4 + 0 = 0. Suppose 0 = s*h - 4*v - 22, 0*h + v - 53 = -4*h. What is the remainder when 25 is divided by h?
12
Suppose 4*t + c - 48 = 0, -6*t + t + c = -51. What is the remainder when 53 is divided by t?
9
Let w(u) = 7*u - 1. What is the remainder when w(2) is divided by (7/4)/((-1)/(-4))?
6
Let t = 44 - 31. Suppose -4*l - 3*a - 56 = 0, -2*a + 70 = -5*l - a. What is the remainder when (-4)/l - 519/(-21) is divided by t?
12
Let o(n) = -11*n - 36. Calculate the remainder when 47 is divided by o(-5).
9
Let z = -4 + 9. What is the remainder when 9 is divided by z?
4
Let j = -14 + -13. Let r = j + 47. What is the remainder when r is divided by 8?
4
Let m be 4/1 + -3 + 2. Let x(a) = 13*a + 1. Let l be x(m). Suppose -3*f - 4*v - 12 = -5*f, -3*v = 2*f - l. Calculate the remainder when 26 is divided by f.
12
Let m be (-6)/(-18) + 466/6. Suppose 4*z = -5*t + m, 4*z - 2*t = -8 + 72. Calculate the remainder when 31 is divided by z.
14
Suppose 47 = 5*c + 4*r, -5*c = -2*r - 0*r - 29. Calculate the remainder when 39 is divided by c.
4
Let k(n) = -n**3 - 6*n**2 + 2*n - 10. What is the remainder when 73 is divided by k(-7)?
23
Suppose -4*i + 3*s = 5*s + 42, -3*i = s + 31. Let l be 13*1 + (i - -7). Let v = l + -3. What is the remainder when v is divided by 3?
1
Let k be 4/(-10) + 324/(-15). Suppose 5*z + 183 = -2*w + w, 5*w = 4*z + 129. Let y = k - z. What is the remainder when y is divided by 5?
4
Let x(o) = -o**3 - 2*o**2 - 2*o + 3. Suppose -3*j + 3*p + 44 = -4*j, 12 = -j + 5*p. What is the remainder when x(-3) is divided by ((-15)/(-4))/((-12)/j)?
8
Let x(u) = u**2 - u - 2*u**2 + 4*u + 6*u + 11. Calculate the remainder when 18 is divided by x(9).
7
Suppose -5*n + 115 = l - 6*l, 0 = -l - 2. Calculate the remainder when n is divided by 6.
3
Let o = 18 + -4. Let j = -5 + 3. Calculate the remainder when o is divided by (-9)/j - 1/(-2).
4
Suppose 4*m = 4 + 48. Suppose -2*q + 15 = -m. Let o = q - -20. What is the remainder when o is divided by 18?
16
Let a(h) = -25*h + 41. Calculate the remainder when a(-5) is divided by 42.
40
Let h be 0 + -2 + (-292)/(-2). Suppose -5*k = -41 - h. Calculate the remainder when k is divided by 13.
11
Suppose -4 = 2*w - 3*o, 8 = -0*w - 4*w - 4*o. Let x be 54/13 - w/(-13). Calculate the remainder when 58 is divided by 5/x*24/2.
13
Let q be ((-4)/(-6))/(8/(-144)). Let b = q + 30. What is the remainder when 32 is divided by b?
14
Suppose 4*m - 5*m + 17 = 0. What is the remainder when 46 is divided by -4 + 3 + m*1?
14
Let f(j) = j + 16. Let x(r) = 3. Let b(n) = 3*f(n) - 21*x(n). Calculate the remainder when b(10) is divided by 9.
6
Suppose 4*r - 91 = -3*h, -r - 2*h - 6 = -35. Calculate the remainder when r is divided by 11.
8
Let a(v) = -7*v - 20. What is the remainder when 41 is divided by a(-5)?
11
Let u(f) = 2*f**2 + f. Let l = 0 - 13. Let y = -8 - l. Calculate the remainder when y is divided by u(1).
2
Suppose 0 = 4*l - 7*l - 9, 3*r + 21 = -l. Let i = -4 + r. Let f = -8 - i. Calculate the remainder when 4 is divided by f.
0
Let p(o) = o**3 + 6*o**2 - o. Calculate the remainder when p(-4) is divided by 13.
10
Let t = 12 - -98. Calculate the remainder when t is divided by 28.
26
Suppose 9 + 19 = 2*g. Suppose -4*l - g = 3*f, -f + 2*f = 5*l + 27. Suppose -f*p + 32 = -0*p. What is the remainder when p is divided by 9?
7
Let v = 14 - -19. Let g(k) = 32*k**2 - 3*k - 3. What is the remainder when g(-2) is divided by v?
32
Let s = -6 - -9. Suppose s*g - 66 = g. Suppose -59 = -4*v + g. Calculate the remainder when v is divided by 8.
7
Let t = 31 + -24. Calculate the remainder when 23 is divided by t.
2
Let f = 9 - 11. Calculate the remainder when 33 is divided by 9/(6/f) + 20.
16
What is the remainder when (-2)/(-4)*(-1160)/(-10) is divided by 15?
13
Let x be (3 + 28)*(-1 - -2). Suppose m - 4*i = 22, 3*m + 3*i = -m + x. What is the remainder when (9/2)/(1/4) is divided by m?
8
Suppose -r + 3*n + 3 = 0, -7*r + 2*n - 18 = -3*r. Let a = 15 + r. Calculate the remainder when 15 is divided by a.
6
Let j = -14 - -10. Let y(s) = -7*s - 10. Calculate the remainder when 51 is divided by y(j).
15
Let q be 8/6*(-1332)/(-8). Suppose -x + q = 5*x. What is the remainder when x is divided by 13?
11
Let h = 182 - 120. What is the remainder when h is divided by 21?
20
Let i = -2 - -7. Let o(k) = -k**3 + 6*k**2 + 4*k + 6. Let b be o(i). Calculate the remainder when b/(-2)*4/(-6) is divided by 9.
8
Let t(p) = p**2 + 4*p - 3. Suppose 2*h + 1 = 7. What is the remainder when 35 is divided by t(h)?
17
Let j be (0 + 6)*2/4. Let p = j + 20. Suppose -s - 2 = -15. Calculate the remainder when p is divided by s.
10
Let d = -47 + 59. What is the remainder when d is divided by 7?
5
Let w(r) = -19*r**3 + 2*r**2 + 2*r. What is the remainder when w(-2) is divided by 32?
28
Let c = 2 - -1. Suppose 12 = -c*l + 5*l. Suppose l